*z + x*z = 265, -5*z + 55 = j. What is the tens digit of j?
4
Suppose 41*o - 13*o - 437664 = -4*o. What is the ten thousands digit of o?
1
Let d = 1287 - -5711. What is the thousands digit of d?
6
Let m = 50187 + -14271. What is the thousands digit of m?
5
Let d be (2/(-8))/(12/(-108912)). Suppose -d = -2*u + 507. What is the hundreds digit of u?
3
Suppose -3*p - 4846 = -j, 5*j + 3*p = j + 19444. Let l be j + (2 - (-32)/(-20))*10. Suppose l = c + 16*c. What is the units digit of c?
6
Suppose 0 = -10*u + 14*u + 24. Let a(i) = i**2 + 6*i - 4. Let n be a(u). What is the hundreds digit of 3 - (12/n - (155 - -2))?
1
Let u be -37 - -39 - (-1 - -1). Suppose -219 = -2*x - u*q + 905, 2248 = 4*x - 2*q. What is the units digit of x?
2
Let a be ((-24)/10)/(-6) - (-339740)/25. Suppose -11*k = -a - 3273. What is the units digit of k?
3
Let n(p) = -6*p - 3. Let s be n(-1). Let o(l) = -7*l**s - 21*l**3 - 2*l**2 - 15*l**3. What is the tens digit of o(-1)?
4
Let k(f) = -f**2 + 8*f - 12. Let r be k(5). Suppose r*s = 1428 + 486. Suppose -11*u + s + 275 = 0. What is the units digit of u?
3
Suppose -3*k = 5*o + 5, 0 = o - 4*k + 3 - 2. Let u be 0/o*(-15)/(-30). What is the tens digit of 280/7 - (u - 4)?
4
Suppose 5*b + j - 17466 - 99 = 0, 0 = -j + 5. What is the units digit of b?
2
Let r = 15039 + 5374. What is the thousands digit of r?
0
Let r(j) = -j**2 + 5*j + 4. Let s be r(5). What is the tens digit of 3 + -4 - (-260)/s?
6
Let r be 8 + 2 + 9/(-5 - -8). Suppose 0 = 4*v + u - 2217, -15*v + 3*u + 1105 = -r*v. What is the tens digit of v?
5
Suppose 0*j + 20 = 5*j. Suppose -4*q = -10*u + 14*u - 8, -4*q + 13 = 3*u. Suppose j = -4*o, w + 3*o = q*o + 13. What is the units digit of w?
9
Suppose 2*t - 3 = 11. Suppose -2*h = t*v - 2*v - 406, 844 = 4*h + 2*v. What is the tens digit of h?
1
Let n be 6/27*3 - 2/3. Suppose -w + 1 = n, -2*x - 3*x - 5*w = -1140. Let r = x - 125. What is the tens digit of r?
0
Suppose -2*t + 9*f + 25086 = 2*f, f + 2 = 0. What is the units digit of t?
6
Let i = 331 + -46. Let r = i + -219. What is the units digit of r?
6
Suppose -4*t + 2*l + 928 = 0, 0 = -t - 3*l + 2*l + 238. Let i = t + -59. What is the units digit of i?
5
Let u(i) = 7*i + 49. Let j be u(21). Suppose -5*t - 3*f = -8*t + 564, -t = f - j. Suppose 0 = -0*x - 6*x + t. What is the tens digit of x?
3
Suppose 20*g - 3441589 = -8*g - 39*g. What is the thousands digit of g?
1
Let a(g) = 21*g**2 + 48*g - 782. What is the hundreds digit of a(-50)?
3
Suppose -333968 = -8*t + 143728. What is the hundreds digit of (-5)/3 + (t/(-9))/(-4)?
6
Suppose -29 - 61 = -10*b. Suppose 2*r - 324 = -2*w, 2*w - 169 = -r - b. What is the hundreds digit of r?
1
Let f = 47 - 58. Let o(w) = 3*w - 17. Let b be o(f). Let h = 105 + b. What is the units digit of h?
5
Let p(w) = 461*w**2 + 25*w + 34. What is the ten thousands digit of p(-6)?
1
Suppose -17*g + 14*g - 2*c + 789 = 0, -c = -2*g + 519. Suppose -8610 = -267*z + g*z. What is the hundreds digit of z?
4
Let v be 3/((-6)/16)*8/16. Let b(j) = -7*j - 3*j + 2 + 2*j**2 + j. What is the units digit of b(v)?
0
Suppose 6599 = 3*m + 944. Suppose 541*q - 546*q = -m. What is the units digit of q?
7
Let f(n) = n**3 + 55*n**2 + 175*n + 75. What is the ten thousands digit of f(-41)?
1
Let n(s) = 13*s + 63. Let k(l) = 6*l + 28. Let p(d) = -7*k(d) + 3*n(d). Suppose -2*w = 8, -2*w + 3*w - 14 = 2*i. What is the tens digit of p(i)?
2
Let h be (1 - 1/(-1)) + -30. Suppose -16 = 6*w - 196. Let m = h + w. What is the units digit of m?
2
Let a(n) = 206 - 16*n + 244 - 359. What is the units digit of a(5)?
1
Suppose -2 - 19 = 2*v - 5*t, -20 = 3*v + 4*t. What is the thousands digit of v + 16 - -44*36?
1
Let a be (-4*(-3)/(-6))/((-1)/47). Suppose -4*s = -5*x + 414, -2*s + a = x - 0*x. What is the tens digit of x?
8
Let g = -52 - -54. Suppose -952 = -5*f - 3*t, 4*f = g*t - 222 + 966. Let z = f + -109. What is the units digit of z?
9
Suppose -3*s - 4*l - l = 19, -2*l = -2*s + 14. Let u be ((-546)/9)/(-13)*(0 + 3). What is the units digit of (-3 + s)*(3 + -2*u)?
5
Suppose -7*u + u + 1008 = 0. Suppose -3*j - u = -l, 5*j + 3*l - 5*l + 279 = 0. What is the tens digit of (522/(-24))/(2 + j/24)?
5
Let a(j) = j**3 - 5*j**2 - 5*j - 2. Let u be a(6). Let b be (1 + u)/(2*1/38). Suppose -79 = -2*x + b. What is the units digit of x?
7
Let l(y) be the second derivative of 4*y**5 + y**4/6 + 2*y**3/3 - 4*y**2 - 9*y - 2. What is the tens digit of l(2)?
4
Suppose -1517 = -10*j + 953. Let k(t) = t + 4. Let q be k(1). Suppose -q*w + j = 67. What is the tens digit of w?
3
Let b(m) = -51*m - 5830. What is the hundreds digit of b(-140)?
3
Let v be ((-1)/((-15)/(-10)))/((-2)/63). What is the hundreds digit of (231/(-2))/(v/(-56))?
3
Suppose -y - 7*y = 3522 - 3530. Suppose -3*m = 2*x - 60, -4*x + 4*m + 49 = -111. Let q = x - y. What is the tens digit of q?
3
Let m(s) = 334*s**2 - 346*s + 30. What is the units digit of m(-9)?
8
Let d = 267 - 407. Suppose v = 3*o - 16, 4*v - 5*o + 8*o = -4. What is the units digit of (-2604)/d + v/(-10)?
9
Suppose 25*x = 21*x + 208. Let r = x + -49. Suppose -3*f - 2*f + 5*t = -110, 5*f - r*t = 118. What is the units digit of f?
6
Let s be 0/17 - (0/1 + -2). Let c(z) = -25 + 2 + s*z**2 + 26*z - z - 12. What is the hundreds digit of c(-17)?
1
Let j be (17 - -2)/(((-4)/(-16))/1). Suppose 2*t + 4*x - j = -22, t = x + 15. Suppose 8*k + 242 = t*k. What is the units digit of k?
2
Suppose 2*o - 5 = i - 19, 18 = i - 3*o. Suppose 31*x - i = 32*x. What is the tens digit of (405/x)/3*24/(-30)?
1
Suppose 5*h + 4*f - 240597 = 0, h - 3*f - 28779 = 19367. What is the units digit of h?
5
What is the units digit of 5*5 + -361 + 1574?
8
Let t = 150 - 105. Let i = -903 - -1158. Suppose 4*f - i = t. What is the units digit of f?
5
Suppose 2*v - 6 = 112. Let g = -55 + v. What is the units digit of g/(-8) + 1 + (-21)/(-6)?
4
What is the thousands digit of (-22635)/(-18)*(-384)/(-40)?
2
Suppose -m + 6204 = 3*b + 1740, 2*m = 5*b + 8950. What is the hundreds digit of m?
4
Let s(m) = 3*m + 9. Let n be s(-3). Suppose 4*u + 2*p - 1018 = n, 3*p = -4*u + 8*p + 997. Let i = -155 + u. What is the units digit of i?
8
Let l(n) = 98*n + 44. Let u(o) = 99*o + 44. Let c(a) = 2*l(a) - 3*u(a). What is the units digit of c(-4)?
0
Suppose -5*y = -5*g + 240, 3*g + 2*g - 256 = y. Let v = 55 - g. What is the hundreds digit of -1 + (429/4 - v/12)?
1
Suppose 0*n + 2*n = -2*q - 588, 4*q + 1186 = -2*n. Suppose 0 = -5*l, 3*x = -16*l + 13*l - 552. Let p = x - q. What is the tens digit of p?
1
Suppose 3*a - 172986 = 4*p - 28403, 0 = 4*a + 5*p - 192860. What is the hundreds digit of a?
2
What is the units digit of (-255)/357 - 3/(-63) - (-30320)/3?
6
Suppose 0 = -4*k - 0*u + 2*u + 2344, -5*u = 5*k - 2900. Let o = k + -402. Suppose 5*i = 398 + o. What is the hundreds digit of i?
1
Let l = 17954 - 15308. What is the tens digit of l?
4
Let b be 6 + 4 + 41 + 5. Suppose 0 = b*d - 46*d - 810. What is the units digit of d?
1
Let i(y) = -y**3 - y**2 - 3*y + 11. Let m be i(0). Let a(t) = 6*t - 5. Let f(x) = -18*x + 15. Let b(v) = m*a(v) + 4*f(v). What is the tens digit of b(-14)?
8
Suppose -19430 = -9*l + 8101. What is the hundreds digit of l?
0
Suppose 24 = 4*o - 3*t - 2, -28 = -3*o - 2*t. Let m(q) = q**3 - 6*q**2 - 8*q + 64. What is the units digit of m(o)?
8
What is the hundreds digit of ((-8358)/4)/(8/(-48))?
5
Let k = -2479 - -1332. Let z = k - -2059. What is the tens digit of z?
1
Let o be 2184/9 + 4/(-6). Suppose 56*j = 2*j. Suppose 246*w - o*w - 488 = j. What is the tens digit of w?
2
Let h be 85692/42 + (-4)/14. Suppose 115*c = 119*c - h. What is the tens digit of c?
1
Suppose -32626 - 42838 = -86*a + 5806. What is the tens digit of a?
4
Let l(c) = 171*c + 5734. What is the units digit of l(0)?
4
Suppose 57929 = -39*i + 40*i + 3*q, 3*i + 5*q - 173803 = 0. What is the thousands digit of i?
7
Let r be (-1)/(-3) + 386*5/(-30). Let c = -60 - r. Suppose 2*v + 316 = 5*v - c*f, 5*v - 550 = -5*f. What is the tens digit of v?
0
Let i be (-2)/(18/(-57)) - (-1)/(-3). Suppose 0 = 2*w - i*w - 12. What is the units digit of ((7 - 4)*-5)/(w/2)?
0
Suppose -76968 = -11*y - 12*t + 9*t, 3*t + 20976 = 3*y. What is the tens digit of y?
9
Suppose -659*u = -653*u - 11454 - 14490. What is the tens digit of u?
2
Let z = -6569 + 11348. What is the thous